{"id":4278,"date":"2026-04-10T16:22:49","date_gmt":"2026-04-10T14:22:49","guid":{"rendered":"https:\/\/www.domaine-chantoiseau.fr\/nouveau\/?page_id=4278"},"modified":"2026-04-10T16:22:49","modified_gmt":"2026-04-10T14:22:49","slug":"reserver-2","status":"publish","type":"page","link":"https:\/\/www.domaine-chantoiseau.fr\/nouveau\/?page_id=4278","title":{"rendered":"R\u00e9server#"},"content":{"rendered":"<div class=\"fusion-fullwidth fullwidth-box fusion-builder-row-1 fusion-flex-container nonhundred-percent-fullwidth non-hundred-percent-height-scrolling\" style=\"background-color: #faf9f6;background-image:linear-gradient(180deg, #f3d2a7 0%,rgba(255,255,255,0) 12%);background-position: center center;background-repeat: no-repeat;border-width: 0px 0px 0px 0px;border-color:#eae9e9;border-style:solid;\" ><div class=\"fusion-builder-row fusion-row fusion-flex-align-items-flex-start\" style=\"max-width:calc( 1100px + 0px );margin-left: calc(-0px \/ 2 );margin-right: calc(-0px \/ 2 );\"><div class=\"fusion-layout-column fusion_builder_column fusion-builder-column-0 fusion_builder_column_1_1 1_1 fusion-flex-column fusion-animated\" data-animationType=\"fadeInDown\" data-animationDuration=\"1.0\" data-animationOffset=\"100%\"><div class=\"fusion-column-wrapper fusion-flex-justify-content-flex-start fusion-content-layout-column\" style=\"background-position:left top;background-repeat:no-repeat;-webkit-background-size:cover;-moz-background-size:cover;-o-background-size:cover;background-size:cover;padding: 0px 0px 0px 0px;\"><style type=\"text\/css\">@media only screen and (max-width:1024px) {.fusion-title.fusion-title-1{margin-top:0px!important;margin-bottom:20px!important;}}<\/style><div class=\"fusion-title title fusion-title-1 fusion-title-center fusion-title-text fusion-title-size-two\" style=\"margin-top:0px;margin-bottom:20px;\"><div class=\"title-sep-container title-sep-container-left\"><div class=\"title-sep sep-single sep-solid\" style=\"border-color:#2b707d;\"><\/div><\/div><h2 class=\"title-heading-center\" style=\"margin:0;color:#2b707d;\">Mentions L\u00e9gales<\/h2><div class=\"title-sep-container title-sep-container-right\"><div class=\"title-sep sep-single sep-solid\" style=\"border-color:#2b707d;\"><\/div><\/div><\/div><div class=\"fusion-text fusion-text-1\" style=\"transform:translate3d(0,0,0);\"><h3>1 \u2013 Propri\u00e9t\u00e9 du site internet<\/h3>\n<p>La responsable de la publication est\u00a0<strong>Lo\u00efc CALENDREAU.<\/strong><br \/>\nAdresse \u00e9lectronique : contact@domaine-chantoiseau.fr<br \/>\nLe site Internet Domaine-chantoiseau.fr est la propri\u00e9t\u00e9 exclusive de la soci\u00e9t\u00e9 <strong>NAYA LODGE<\/strong> au capital social de 1 000\u20ac, dont le si\u00e8ge social est situ\u00e9 1 Chantoiseau 79700 st pierre des echaubrognes, n\u00b0 SIREN 898 195 938 00029 enregistr\u00e9 au RCS de Niort 898 195 938<\/p>\n<p>La consultation du site est subordonn\u00e9e \u00e0 l\u2019acceptation int\u00e9grale et au respect par les internautes, des conditions d\u2019utilisation suivantes.<\/p>\n<p>L\u2019internaute s\u2019engage d\u2019ores et d\u00e9j\u00e0 \u00e0 faire des informations contenues sur le site un usage personnel et non commercial. En cas de non-respect des dispositions de la pr\u00e9sente Charte par l\u2019internaute, sa responsabilit\u00e9 civile et\/ou p\u00e9nale pourrai(en)t se voir engag\u00e9e(s).<\/p>\n<h3><\/h3>\n<h3>2 \u2013 Contenu du site<\/h3>\n<p>Le site Internet www.domaine-chantoiseau.fr\u00a0est :<\/p>\n<p><strong>Cr\u00e9\u00e9 par :<\/strong><br \/>\nLo\u00efc CALENDREAU<\/p>\n<p><strong>D\u00e9veloppement :<\/strong><br \/>\nLo\u00efc CALENDREAU<\/p>\n<p><strong>H\u00e9berg\u00e9 par :<\/strong><br \/>\nOVH<\/p>\n<p>Site officiel du Domaine Chantoiseau, dont le domaine professionnel est la promotion d&rsquo;h\u00e9bergement de vacances.<\/p>\n<h3><\/h3>\n<h3>3 \u2013 Propri\u00e9t\u00e9 intellectuelle<\/h3>\n<p>Le site constitue une \u0153uvre dont la soci\u00e9t\u00e9 SARL Naya Lodge est l\u2019auteur au sens des articles L111.1 et suivants du Code de propri\u00e9t\u00e9 intellectuelle.<\/p>\n<p>De mani\u00e8re g\u00e9n\u00e9rale, les donn\u00e9es, les programmes, les \u00e9chantillons musicaux, les textes, les informations, les logos, les identit\u00e9s visuelles, les images anim\u00e9es ou non et leurs mises en forme apparaissant sur le Site sont la propri\u00e9t\u00e9 du Domaine Chantoiseau et sont prot\u00e9g\u00e9es \u00e0 ce titre par les dispositions du Code de la propri\u00e9t\u00e9 intellectuelle.<\/p>\n<p>Tout internaute s\u2019engage \u00e0 ne pas les utiliser et \u00e0 ne permettre \u00e0 quiconque d\u2019utiliser ces contenus \u00e0 des fins ill\u00e9gales.<\/p>\n<p>Toute repr\u00e9sentation ou reproduction, totale ou partielle, permanente ou temporaire, sur un support informatique et\/ou papier, et par quelque proc\u00e9d\u00e9 que ce soit (notamment par voie de framing*), de l\u2019un ou l\u2019autre des \u00e9l\u00e9ments du Site ou des services propos\u00e9s \u00e0 la vente, sans l\u2019accord pr\u00e9alable et expr\u00e8s du Domaine Chantoiseau est interdite, et constitue un acte de contrefa\u00e7on, qui pourra entra\u00eener des condamnations civiles et\/ou p\u00e9nales. Seule l\u2019impression papier est autoris\u00e9e aux fins de copie priv\u00e9e \u00e0 l\u2019usage exclusif du copiste au sens de l\u2019article L122-5 2\u00b0 du Code de propri\u00e9t\u00e9 intellectuelle.<\/p>\n<p>Aucun lien hypertexte vers le Site ne peut \u00eatre install\u00e9 sans l\u2019accord pr\u00e9alable et expr\u00e8s du Domaine Chantoiseau.<\/p>\n<p>*action de capter le contenu de pages d\u2019un site Internet pour le transf\u00e9rer sur son propre site Internet par le biais d\u2019un lien hypertexte, en faisant appara\u00eetre ledit contenu comme le sien.<\/p>\n<h3><\/h3>\n<h3>4 \u2013 Protection des donn\u00e9es personnelles<\/h3>\n<p>L\u2019internaute peut \u00eatre amen\u00e9 \u00e0 d\u00e9poser certaines donn\u00e9es personnelles en r\u00e9pondant aux formulaires qui lui sont propos\u00e9s. La saisie de ces donn\u00e9es est n\u00e9cessaire au traitement de la demande de l\u2019internaute, par Le Domaine Chantoiseau.<\/p>\n<p>Le Domaine Chantoiseau s\u2019engage \u00e0 respecter les dispositions de la loi n\u00b078-17 du 6 janvier 1978 relative \u00e0 l\u2019informatique, aux fichiers et aux libert\u00e9s modifi\u00e9es et prendre toute pr\u00e9caution n\u00e9cessaire pour pr\u00e9server la s\u00e9curit\u00e9 des informations nominatives confi\u00e9es. Aucune information \u00e0 caract\u00e8re personnel ne sera communiqu\u00e9e \u00e0 des soci\u00e9t\u00e9s tierces sans l\u2019accord pr\u00e9alable et \u00e9clair\u00e9 de l\u2019internaute.<\/p>\n<h3><\/h3>\n<h3>5 \u2013 Responsabilit\u00e9<\/h3>\n<p>Le Domaine Chantoiseau d\u00e9cline toute responsabilit\u00e9 quant aux \u00e9ventuels dysfonctionnements pouvant survenir sur le Site et entra\u00eener une perte de donn\u00e9es ou une indisponibilit\u00e9 de l\u2019acc\u00e8s aux informations produites sur celui-ci.<\/p>\n<p>Les \u00e9l\u00e9ments pr\u00e9sent\u00e9s sur le Site sont susceptibles de modification sans pr\u00e9avis et sont mis \u00e0 la disposition des internautes, sans aucune garantie d\u2019aucune sorte, expresse ou tacite.<\/p>\n<p>La pr\u00e9sence de liens hypertextes pr\u00e9sents sur le Site &#8211; quelque soit l\u2019existence pr\u00e9alable ou non d\u2019accords &#8211; ne cr\u00e9e pas une solidarit\u00e9 de responsabilit\u00e9 entre Le Domaine Chantoiseau et les propri\u00e9taires des autres sites, quant au contenu des sites sur lesquels est redirig\u00e9 l\u2019internaute.<\/p>\n<p>Le Domaine Chantoiseau ne peut garantir l\u2019exhaustivit\u00e9 et la v\u00e9racit\u00e9 des informations pr\u00e9sentes sur le Site. Les photos pr\u00e9sent\u00e9es sur le Site sont non-contractuelles.<\/p>\n<p>De la m\u00eame mani\u00e8re, il ne peut garantir l\u2019absence de modification par un tiers (intrusion, virus).<\/p>\n<p>En outre, l\u2019internaute est seul responsable de l\u2019utilisation qu\u2019il fait du contenu du Site. Sauf faute grave exclusive de Le Domaine Chantoiseau, sa responsabilit\u00e9 ne peut \u00eatre engag\u00e9e pour des dommages directs et indirects li\u00e9s \u00e0 l\u2019utilisation des informations produites sur le Site.<\/p>\n<h3><\/h3>\n<h3>6 \u2013 Loi applicable et comp\u00e9tence judiciaire<\/h3>\n<p>L\u2019ensemble des informations diffus\u00e9es sur le Site et l\u2019utilisation qui en est faite sont soumis exclusivement au droit fran\u00e7ais. Seuls les tribunaux relevant du ressort de la Cour d\u2019appel de Niort sont comp\u00e9tents pour conna\u00eetre des \u00e9ventuels litiges li\u00e9s \u00e0 l\u2019utilisation du Site.<\/p>\n<h3><\/h3>\n<h3>7 \u2013 Information et libert\u00e9s\/mentions CNIL<\/h3>\n<p>Les informations recueillies font l\u2019objet d\u2019un traitement dont la responsable est Ne\u00efla CALENDREAU, g\u00e9rante du\u00a0Domaine Chantoiseau :<\/p>\n<p>Les donn\u00e9es collect\u00e9es font l\u2019objet d\u2019un traitement destin\u00e9 \u00e0 des fins d\u2019information ou de communication se rapportant \u00e0 des messages d\u2019int\u00e9r\u00eat g\u00e9n\u00e9ral (\u00e0 l\u2019exclusion de toute sollicitation commerciale et politique).<\/p>\n<p>Les donn\u00e9es collect\u00e9es font l\u2019objet d\u2019un traitement destin\u00e9 \u00e0 des fins d\u2019information ou de communication se rapportant \u00e0 Le Domaine Chantoiseau<\/p>\n<p>Les destinataires des donn\u00e9es sont : Le Domaine Chantoiseau<\/p>\n<p>Conform\u00e9ment \u00e0 la loi \u00ab informatique et libert\u00e9s \u00bb du 6 janvier 1978 modifi\u00e9e en 2004, vous b\u00e9n\u00e9ficiez d\u2019un droit d\u2019acc\u00e8s et de rectification aux informations qui vous concernent. Si vous souhaitez exercer ce droit et obtenir communication des informations vous concernant, vous pouvez :<\/p>\n<p>Modifier et supprimer votre compte utilisateur en adressant un courriel \u00e0 contact@domaine-chantoiseau.fr ;<br \/>\nAdresser un courrier \u00e0 Domaine Chantoiseau, Chantoiseau 79700 ST PIERRE DES ECHAUBROGNES<br \/>\nVous pouvez \u00e9galement, pour des motifs l\u00e9gitimes, vous opposer au traitement des donn\u00e9es vous concernant.<\/p>\n<h3><\/h3>\n<h3>8 \u2013 Qu\u2019est-ce qu\u2019un cookie ?<\/h3>\n<p>Un cookie est un petit fichier texte contenant diverses informations.<\/p>\n<p>Il est d\u00e9pos\u00e9 dans la m\u00e9moire de votre terminal (ordinateur, tablette, smartphone\u2026) par le serveur du site internet visit\u00e9 ou par un serveur tiers (service de web analytique, etc.).<\/p>\n<p>Il va permettre, pendant la dur\u00e9e de validit\u00e9 ou d\u2019enregistrement du cookie, d\u2019identifier votre terminal lors de vos prochaines visites.<\/p>\n<p>Des soci\u00e9t\u00e9s tierces peuvent \u00e9galement \u00eatre amen\u00e9es, sous r\u00e9serve de vos choix, \u00e0 d\u00e9poser des cookies sur votre ordinateur (Ex : Google Analytics, Facebook, etc.). Quel que soit le type de cookies, seul l\u2019\u00e9metteur d\u2019un cookie est susceptible de lire ou de modifier les informations qui y sont contenues.<\/p>\n<p>Pour voir la liste des cookies que nous pouvons utiliser et pour accepter ou pas leur utilisation, vous pouvez param\u00e9trer vos cookies et modifier vos pr\u00e9f\u00e9rences \u00e0 tout moment en cliquant ici<\/p>\n<h3><\/h3>\n<h3>9. Pourquoi utilisons-nous des cookies ?<\/h3>\n<p>Ils nous permettent de :<\/p>\n<p>Mesurer l\u2019audience de ce site internet. Ainsi nous pouvons analyser la fr\u00e9quentation et l\u2019utilisation de ce site et am\u00e9liorer constamment nos services et contenus.<br \/>\nM\u00e9moriser vos pr\u00e9f\u00e9rences de navigation telles que votre langue, la taille de la police, la pr\u00e9sentation de la page ou les couleurs pr\u00e9f\u00e9r\u00e9es. Le tout pour vous permettre de parcourir notre site plus rapidement et plus facilement.<br \/>\nCollecter des informations analytiques pour, par exemple, compter le nombre de visiteurs sur nos sites Web et identifier les pages de nos sites que vous visitez le plus souvent. Nous utilisons les donn\u00e9es d\u2019analyse que nous collectons \u00e0 des fins marketing et de planification des ressources.<br \/>\nSachez que nous ne conservons aucune information permettant de vous identifier personnellement dans les donn\u00e9es de nos cookies vous concernant. Nous enregistrons uniquement un identifiant de session unique qui nous aidera \u00e0 retrouver un profil d\u2019utilisateur ainsi que vos pr\u00e9f\u00e9rences lors de votre prochaine visite.<\/p>\n<p>Ces donn\u00e9es sont conserv\u00e9es uniquement via Google Analytics pour une dur\u00e9e pr\u00e9vue par le logiciel (allant jusqu\u2019\u00e0 50 mois).<\/p>\n<h3><\/h3>\n<h3>10 \u2013 Les diff\u00e9rents types de cookies utilis\u00e9s par ce site<\/h3>\n<p>Le site utilise exclusivement des traceurs dits \u201cstrictement n\u00e9cessaires\u201d, qui ne n\u00e9cessitent pas votre consentement pr\u00e9alable.<\/p>\n<ul>\n<li>Les cookies essentiels : Ils sont indispensables \u00e0 la bonne ex\u00e9cution du site car ils vous permettent d\u2019acc\u00e9der notamment \u00e0 des espaces r\u00e9serv\u00e9s tels que \u00ab Ma s\u00e9lection \u00bb gr\u00e2ce aux donn\u00e9es conserv\u00e9es durant votre session de navigation. Ils nous permettent de m\u00e9moriser les informations relatives aux formulaires que vous \u00eates susceptibles de remplir sur notre site, et d\u2019adapter la pr\u00e9sentation de notre site aux pr\u00e9f\u00e9rences d\u2019affichage de votre terminal. Sans ces cookies, il ne vous serait pas possible d\u2019utiliser notre site dans des conditions normales.<\/li>\n<li>Les cookies analytiques ou de performance : Ces cookies nous permettent de conna\u00eetre l\u2019utilisation et les performances de notre site et d\u2019en am\u00e9liorer le fonctionnement. Ils mesurent notamment les donn\u00e9es de votre navigation (volume de fr\u00e9quentation, rubriques et contenus visit\u00e9s, etc.). Ces cookies sont essentiels car ils nous permettent d\u2019am\u00e9liorer l\u2019int\u00e9r\u00eat et l\u2019ergonomie de nos services voire m\u00eame de d\u00e9tecter des probl\u00e8mes de navigation.<\/li>\n<li>Les cookies des r\u00e9seaux sociaux : certaines pages de notre site des plug-ins \u00e9manant de tiers, qui vous permettent de partager des contenus de notre site avec d\u2019autres. C\u2019est le cas des boutons \u201cPartager\u201d ou \u201cJ\u2019aime\u201d, issus de r\u00e9seaux sociaux tels que Facebook ou Twitter. Nous n\u2019avons aucun contr\u00f4le sur le processus employ\u00e9 par les r\u00e9seaux sociaux pour collecter des informations relatives \u00e0 votre navigation sur notre site. Si vous \u00eates adh\u00e9rent de l\u2019un de ces r\u00e9seaux, nous vous invitons \u00e0 consulter les politiques de protection de la vie priv\u00e9e de ces r\u00e9seaux sociaux afin de prendre connaissance des finalit\u00e9s d\u2019utilisation, notamment publicitaires, des informations de navigation qu\u2019ils peuvent recueillir gr\u00e2ce \u00e0 ces boutons applicatifs.<\/li>\n<li>Les cookies publicitaires : Ces cookies permettent de stocker des informations sur vos habitudes afin d\u2019afficher des publicit\u00e9s susceptibles de vous int\u00e9resser.<\/li>\n<li>Cookies de session : les cookies de ce type sont temporairement stock\u00e9s sur votre ordinateur ou votre p\u00e9riph\u00e9rique pendant une session de navigation. Ils sont effac\u00e9s de votre ordinateur ou de votre p\u00e9riph\u00e9rique \u00e0 la fin de la session de navigation.<\/li>\n<li>Cookies permanents : les cookies de ce type demeurent plus longtemps sur votre ordinateur. Les cookies permanents nous aident \u00e0 vous reconna\u00eetre lorsque nous devons savoir qui vous \u00eates pour plus d\u2019une session de navigation.<\/li>\n<\/ul>\n<h3><\/h3>\n<h3>11 &#8211; Comment g\u00e9rer vos cookies<\/h3>\n<p>Le menu de la plupart des navigateurs comporte des options vous permettant de g\u00e9rer vos cookies en r\u00e9glant ou en configurant vos param\u00e8tres de cookies. G\u00e9n\u00e9ralement, le navigateur vous offre la possibilit\u00e9 :<\/p>\n<ul>\n<li>D\u2019afficher vos cookies<\/li>\n<li>D\u2019autoriser les cookies<\/li>\n<li>De d\u00e9sactiver tous les cookies, ou uniquement des cookies pr\u00e9cis<\/li>\n<li>De d\u00e9sactiver tous les cookies lorsque vous fermez votre navigateur<\/li>\n<li>De bloquer les cookies<\/li>\n<li>D\u2019\u00eatre inform\u00e9 lorsque vous recevez un cookie<\/li>\n<\/ul>\n<p>Si vous configurez les options de votre navigateur pour supprimer tous les cookies, vos pr\u00e9f\u00e9rences de navigation seront effac\u00e9es \u00e0 la fermeture de votre navigateur. En continuant votre navigation sur notre site, vous vous engagez \u00e0 accepter l\u2019utilisation des cookies. Pour plus d\u2019informations sur les cookies, visitez le site de la CNIL.<\/p>\n<h3><\/h3>\n<h3>12 &#8211; Cr\u00e9dits Photos<\/h3>\n<p>@naya lodge<\/p>\n<\/div><\/div><\/div><style type=\"text\/css\">.fusion-body .fusion-builder-column-0{width:100% !important;margin-top : 0px;margin-bottom : 0px;}.fusion-builder-column-0 > .fusion-column-wrapper {padding-top : 0px !important;padding-right : 0px !important;margin-right : 0px;padding-bottom : 0px !important;padding-left : 0px !important;margin-left : 0px;}@media only screen and (max-width:1024px) {.fusion-body .fusion-builder-column-0{width:100% !important;}.fusion-builder-column-0 > .fusion-column-wrapper {margin-right : 0px;margin-left : 0px;}}@media only screen and (max-width:640px) {.fusion-body .fusion-builder-column-0{width:100% !important;}.fusion-builder-column-0 > .fusion-column-wrapper {margin-right : 0px;margin-left : 0px;}}<\/style><\/div><style type=\"text\/css\">.fusion-body .fusion-flex-container.fusion-builder-row-1{ padding-top : 8%;margin-top : 0px;padding-right : 0px;padding-bottom : 8%;margin-bottom : 0px;padding-left : 0px;}<\/style><\/div>\n\n","protected":false},"excerpt":{"rendered":"","protected":false},"author":2,"featured_media":2682,"parent":0,"menu_order":0,"comment_status":"closed","ping_status":"closed","template":"100-width.php","meta":[],"yoast_head":"<!-- This site is optimized with the Yoast SEO plugin v15.9 - https:\/\/yoast.com\/wordpress\/plugins\/seo\/ -->\n<title>R\u00e9server# - Domaine Chantoiseau<\/title>\n<meta name=\"robots\" content=\"index, follow, max-snippet:-1, max-image-preview:large, max-video-preview:-1\" \/>\n<link rel=\"canonical\" href=\"https:\/\/www.domaine-chantoiseau.fr\/nouveau\/?page_id=4278\" \/>\n<meta property=\"og:locale\" content=\"fr_FR\" \/>\n<meta property=\"og:type\" content=\"article\" \/>\n<meta property=\"og:title\" content=\"R\u00e9server# - Domaine Chantoiseau\" \/>\n<meta property=\"og:url\" content=\"https:\/\/www.domaine-chantoiseau.fr\/nouveau\/?page_id=4278\" \/>\n<meta property=\"og:site_name\" content=\"Domaine Chantoiseau\" \/>\n<meta property=\"og:image\" content=\"https:\/\/www.domaine-chantoiseau.fr\/nouveau\/wp-content\/uploads\/2021\/03\/Fleurs2560x564-1.jpg\" \/>\n\t<meta property=\"og:image:width\" content=\"2560\" \/>\n\t<meta property=\"og:image:height\" content=\"633\" \/>\n<meta name=\"twitter:card\" content=\"summary_large_image\" \/>\n<meta name=\"twitter:label1\" content=\"Dur\u00e9e de lecture est.\">\n\t<meta name=\"twitter:data1\" content=\"4 minutes\">\n<script type=\"application\/ld+json\" class=\"yoast-schema-graph\">{\"@context\":\"https:\/\/schema.org\",\"@graph\":[{\"@type\":\"WebSite\",\"@id\":\"https:\/\/www.domaine-chantoiseau.fr\/nouveau\/#website\",\"url\":\"https:\/\/www.domaine-chantoiseau.fr\/nouveau\/\",\"name\":\"Domaine Chantoiseau\",\"description\":\"G\\u00eete de charme H\\u00e9bergements Insolites R\\u00e9ceptions Animations Table d&#039;H\\u00f4tes\",\"potentialAction\":[{\"@type\":\"SearchAction\",\"target\":\"https:\/\/www.domaine-chantoiseau.fr\/nouveau\/?s={search_term_string}\",\"query-input\":\"required name=search_term_string\"}],\"inLanguage\":\"fr-FR\"},{\"@type\":\"ImageObject\",\"@id\":\"https:\/\/www.domaine-chantoiseau.fr\/nouveau\/?page_id=4278#primaryimage\",\"inLanguage\":\"fr-FR\",\"url\":\"https:\/\/www.domaine-chantoiseau.fr\/nouveau\/wp-content\/uploads\/2021\/03\/Fleurs2560x564-1.jpg\",\"width\":2560,\"height\":633},{\"@type\":\"WebPage\",\"@id\":\"https:\/\/www.domaine-chantoiseau.fr\/nouveau\/?page_id=4278#webpage\",\"url\":\"https:\/\/www.domaine-chantoiseau.fr\/nouveau\/?page_id=4278\",\"name\":\"R\\u00e9server# - Domaine Chantoiseau\",\"isPartOf\":{\"@id\":\"https:\/\/www.domaine-chantoiseau.fr\/nouveau\/#website\"},\"primaryImageOfPage\":{\"@id\":\"https:\/\/www.domaine-chantoiseau.fr\/nouveau\/?page_id=4278#primaryimage\"},\"datePublished\":\"2026-04-10T14:22:49+00:00\",\"dateModified\":\"2026-04-10T14:22:49+00:00\",\"breadcrumb\":{\"@id\":\"https:\/\/www.domaine-chantoiseau.fr\/nouveau\/?page_id=4278#breadcrumb\"},\"inLanguage\":\"fr-FR\",\"potentialAction\":[{\"@type\":\"ReadAction\",\"target\":[\"https:\/\/www.domaine-chantoiseau.fr\/nouveau\/?page_id=4278\"]}]},{\"@type\":\"BreadcrumbList\",\"@id\":\"https:\/\/www.domaine-chantoiseau.fr\/nouveau\/?page_id=4278#breadcrumb\",\"itemListElement\":[{\"@type\":\"ListItem\",\"position\":1,\"item\":{\"@type\":\"WebPage\",\"@id\":\"https:\/\/www.domaine-chantoiseau.fr\/nouveau\/\",\"url\":\"https:\/\/www.domaine-chantoiseau.fr\/nouveau\/\",\"name\":\"Home\"}},{\"@type\":\"ListItem\",\"position\":2,\"item\":{\"@type\":\"WebPage\",\"@id\":\"https:\/\/www.domaine-chantoiseau.fr\/nouveau\/?page_id=4278\",\"url\":\"https:\/\/www.domaine-chantoiseau.fr\/nouveau\/?page_id=4278\",\"name\":\"R\\u00e9server#\"}}]}]}<\/script>\n<!-- \/ Yoast SEO plugin. -->","_links":{"self":[{"href":"https:\/\/www.domaine-chantoiseau.fr\/nouveau\/index.php?rest_route=\/wp\/v2\/pages\/4278"}],"collection":[{"href":"https:\/\/www.domaine-chantoiseau.fr\/nouveau\/index.php?rest_route=\/wp\/v2\/pages"}],"about":[{"href":"https:\/\/www.domaine-chantoiseau.fr\/nouveau\/index.php?rest_route=\/wp\/v2\/types\/page"}],"author":[{"embeddable":true,"href":"https:\/\/www.domaine-chantoiseau.fr\/nouveau\/index.php?rest_route=\/wp\/v2\/users\/2"}],"replies":[{"embeddable":true,"href":"https:\/\/www.domaine-chantoiseau.fr\/nouveau\/index.php?rest_route=%2Fwp%2Fv2%2Fcomments&post=4278"}],"version-history":[{"count":1,"href":"https:\/\/www.domaine-chantoiseau.fr\/nouveau\/index.php?rest_route=\/wp\/v2\/pages\/4278\/revisions"}],"predecessor-version":[{"id":4279,"href":"https:\/\/www.domaine-chantoiseau.fr\/nouveau\/index.php?rest_route=\/wp\/v2\/pages\/4278\/revisions\/4279"}],"wp:featuredmedia":[{"embeddable":true,"href":"https:\/\/www.domaine-chantoiseau.fr\/nouveau\/index.php?rest_route=\/wp\/v2\/media\/2682"}],"wp:attachment":[{"href":"https:\/\/www.domaine-chantoiseau.fr\/nouveau\/index.php?rest_route=%2Fwp%2Fv2%2Fmedia&parent=4278"}],"curies":[{"name":"wp","href":"https:\/\/api.w.org\/{rel}","templated":true}]}}